{"id":1035,"date":"2015-11-16T10:56:02","date_gmt":"2015-11-16T10:56:02","guid":{"rendered":"http:\/\/hgf-eda.de\/?page_id=1035"},"modified":"2018-07-24T11:52:32","modified_gmt":"2018-07-24T11:52:32","slug":"2014-2","status":"publish","type":"page","link":"https:\/\/hgf-eda.de\/?page_id=1035","title":{"rendered":"2014"},"content":{"rendered":"<h3><strong><a href=\"http:\/\/hgf-eda.de\/?page_id=2580\">2018 <\/a><\/strong>| <strong><a href=\"http:\/\/hgf-eda.de\/?page_id=1437\">2017 <\/a><\/strong>| <strong><a href=\"http:\/\/hgf-eda.de\/?page_id=1066\">2016<\/a> |<a title=\"Publications\" href=\"http:\/\/hgf-eda.de\/?page_id=497\"> 2015<\/a> | 2014 | <a title=\"2013 \u2013 2012\" href=\"http:\/\/hgf-eda.de\/?page_id=1037\">2013 &#8211; 2012<\/a><\/strong><\/h3>\n<p><span style=\"text-decoration: underline;\">Biosphere<\/span><\/p>\n<p>S. P\u00fctz, J. Groeneveld, K. Henle, C. Knogge, A. Camargo Martensen, M. Metz, J. P. Metzger, M. C. Ribeiro, M. D. de Paula, and A. Huth: Long-term carbon loss in fragmented Neotropical forests.<b> <\/b><em>Nature Communications<\/em>, 5, 5037, 2014, doi:<a href=\"http:\/\/doi.org\/10.1038\/ncomms6037\">10.1038\/ncomms6037<\/a>.<\/p>\n<p><span style=\"text-decoration: underline;\">Geosphere<\/span><\/p>\n<p>C. Lubitz, M. Motagh and H. Kaufmann: Ground surface response to geothermal drilling and the following counteractions in Staufen im Breisgau (Germany) investigated by TerraSAR-X time series analysis and geophysical modeling. <em>Remote Sensing<\/em>, 6(11), 10571-10592, 2014, doi:<a href=\"http:\/\/doi.org\/10.3390\/rs61110571\">10.3390\/rs61110571<\/a><\/p>\n<p>J. Neelmeijer, M. Motagh and H. U. Wetzel: Estimating Spatial and Temporal Variability in Surface Kinematics of the Inylchek Glacier, Central Asia, using TerraSAR\u2013X Data. <em>Remote Sensing<\/em>, 6(10), 9239-9259, 2014, doi:<a href=\"http:\/\/doi.org\/10.3390\/rs6109239\">10.3390\/rs6109239<\/a>.<\/p>\n<p>M. Nobakht, M. Motagh, H. U. Wetzel, S. Roessner, and H. Kaufmann: The Inylchek Glacier in Kyrgyzstan, Central Asia: Insight on Surface Kinematics from Optical Remote Sensing Imagery. <em>Remote Sensing<\/em>, 6(1), 841-856, 2014, doi:<a href=\"http:\/\/doi.org\/10.3390\/rs6010841\" target=\"_blank\">10.3390\/rs6010841<\/a>.<\/p>\n<p>J.T. Salzer, M. Nikkhoo, T.R. Walter, H. Sudhaus, G. Reyes-D\u00e1vila, and M. Bret\u00f3n: Satellite radar data reveal short-term pre-explosive displacements and a complex conduit system at Volc\u00e1n de Colima, Mexico. <em>Front. Earth Sci.<\/em>, 2014, doi:<a href=\"http:\/\/doi.org\/10.3389\/feart.2014.00012\">10.3389\/feart.2014.00012<\/a>.<\/p>\n<p>G. Tamburello, T. H. Hansteen, S. Bredemeyer, A. Aiuppa, and F. Tassi: Gas emissions from five volcanoes in northern Chile and implications for the volatiles budget of the Central Volcanic Zone. <em>Geophys. Res. Lett.<\/em>, 41, 2014, doi:<a href=\"http:\/\/doi.org\/10.1002\/2014GL060653\/full\">10.1002\/2014GL060653<\/a>.<\/p>\n<p>K. Teshebaeva, H. Sudhaus, H. Echtler, B. Schurr, and S. Roessner: Strain partitioning at the eastern Pamir-Alai revealed through SAR data analysis of the 2008 Nura earthquake. <em>Geophysical Journal International<\/em>, 198(2), 760-771, 2014, doi:<a href=\"http:\/\/doi.org\/10.1093\/gji.ggu158\">10.1093\/gji\/ggu158<\/a>.<\/p>\n<p>T.R. Walter, M. Shirzaei, A. Manconi, G. Solaro, A. Pepe, M. Manzo, and M. E. Sansosti: Possible coupling of Campi Flegrei and Vesuvius as revealed by InSAR time series, correlation analysis and time dependent modeling. <em>Journal of Volcanology and Geothermal Research,<\/em> 280, 104-110, 2014, doi:<a href=\"http:\/\/doi.org\/10.1016\/j.jvolgeores.2014.05.006\">10.1016\/j.jvolgeores.2014.05.006<\/a>.<\/p>\n<p>T.R. Walter, and M. Motagh: Deflation and inflation of a large magma body beneath Uturuncu volcano, Bolivia? Insights from InSAR data, surface lineaments and stress modelling. <em>Geophys. J. Int.<\/em>, 198 (1), 462-473, 2014 doi:<a href=\"http:\/\/doi.org\/10.1093\/gji\/ggu080\">10.1093\/gji\/ggu080<\/a>.<\/p>\n<p><span style=\"text-decoration: underline;\">Hydrosphere<\/span><\/p>\n<p>T. Jagdhuber, I. Hajnsek, and K. Papathanassiou: An Iterative, Generalized Hybrid Decomposition for Soil Moisture Retrieval under Vegetation Cover Using Fully Polarimetric SAR. <em>IEEE Journal of Selected Topics in Applied Earth Observations and Remote Sensing<\/em>, PP(99), 2014, doi: <a href=\"http:\/\/doi.org\/10.1109\/JSTARS.2014.2371468\" target=\"blank\">10.1109\/JSTARS.2014.2371468<\/a>.<\/p>\n<p>C. Lorenz, H. Kunstmann, B. Devaraju, M. J. Tourian, N. Sneeuw, and J. Riegger: Large-Scale Runoff from Landmasses: A Global Assessment of the Closure of the Hydrological and Atmospheric Water Balances. <em>J. Hydrometeor<\/em>, <b>15<\/b>, 2111\u20132139, 2014, doi: <a href=\"http:\/\/doi.org\/10.1175\/JHM-D-13-0157.1\">http:\/\/dx.doi.org\/10.1175\/JHM-D-13-0157.1<\/a>.<\/p>\n<p><span style=\"text-decoration: underline;\">Cryosphere<\/span><\/p>\n<p>S. Arndt and M. Nicolaus: Seasonal cycle and long-term trend of solar energy fluxes through Arctic sea ice. <em>The Cryosphere<\/em>, 8, 2219-2233, 2014, doi:<a href=\"http:\/\/doi.org\/10.5194\/tc-8-2219-2014\">10.5194\/tc-8-2219-2014<\/a>.<\/p>\n<h3><strong><a href=\"http:\/\/hgf-eda.de\/?page_id=2580\">2018 <\/a><\/strong>| <strong><a href=\"http:\/\/hgf-eda.de\/?page_id=1437\">2017 <\/a><\/strong>| <strong><a href=\"http:\/\/hgf-eda.de\/?page_id=1066\">2016<\/a> |<a title=\"Publications\" href=\"http:\/\/hgf-eda.de\/?page_id=497\"> 2015<\/a> | 2014 | <a title=\"2013 \u2013 2012\" href=\"http:\/\/hgf-eda.de\/?page_id=1037\">2013 &#8211; 2012<\/a><\/strong><\/h3>\n","protected":false},"excerpt":{"rendered":"<p>2018 | 2017 | 2016 | 2015 | 2014 | 2013 &#8211; 2012 Biosphere S. P\u00fctz, J. Groeneveld, K. Henle, C. Knogge, A. Camargo Martensen, M. Metz, J. P. Metzger, M. C. Ribeiro, M. D. de Paula, and A. Huth: &hellip; <a href=\"https:\/\/hgf-eda.de\/?page_id=1035\">Continue reading <span class=\"meta-nav\">&rarr;<\/span><\/a><\/p>\n","protected":false},"author":2,"featured_media":0,"parent":1437,"menu_order":78,"comment_status":"closed","ping_status":"closed","template":"sidebar-page.php","meta":[],"_links":{"self":[{"href":"https:\/\/hgf-eda.de\/index.php?rest_route=\/wp\/v2\/pages\/1035"}],"collection":[{"href":"https:\/\/hgf-eda.de\/index.php?rest_route=\/wp\/v2\/pages"}],"about":[{"href":"https:\/\/hgf-eda.de\/index.php?rest_route=\/wp\/v2\/types\/page"}],"author":[{"embeddable":true,"href":"https:\/\/hgf-eda.de\/index.php?rest_route=\/wp\/v2\/users\/2"}],"replies":[{"embeddable":true,"href":"https:\/\/hgf-eda.de\/index.php?rest_route=%2Fwp%2Fv2%2Fcomments&post=1035"}],"version-history":[{"count":15,"href":"https:\/\/hgf-eda.de\/index.php?rest_route=\/wp\/v2\/pages\/1035\/revisions"}],"predecessor-version":[{"id":2977,"href":"https:\/\/hgf-eda.de\/index.php?rest_route=\/wp\/v2\/pages\/1035\/revisions\/2977"}],"up":[{"embeddable":true,"href":"https:\/\/hgf-eda.de\/index.php?rest_route=\/wp\/v2\/pages\/1437"}],"wp:attachment":[{"href":"https:\/\/hgf-eda.de\/index.php?rest_route=%2Fwp%2Fv2%2Fmedia&parent=1035"}],"curies":[{"name":"wp","href":"https:\/\/api.w.org\/{rel}","templated":true}]}}